t o(t) = -t - 6. Give o(-6).
0
Let h(g) = g - 3. Give h(-5).
-8
Let g(l) = l**2 + l - 14. Calculate g(0).
-14
Let y(z) = z**2 - 50*z - 181. Give y(53).
-22
Let f(c) = -c**3 - 25*c**2 + 26*c - 51. Calculate f(-26).
-51
Let o(w) = 40*w + 249. Determine o(-6).
9
Let n(o) = o**2 - 13*o - 65. Give n(-4).
3
Let n(f) = 13*f + 7. Calculate n(1).
20
Let w(q) = -2*q**3 + 16*q**2 + 17*q + 6. Give w(9).
-3
Let z(b) = -2*b**3 + 19*b**2 - 7*b - 17. Give z(9).
1
Let v(j) = -28*j - 222. What is v(-8)?
2
Let z(f) = f**3 + 4*f**2 + 9*f + 11. Calculate z(-2).
1
Let i(l) = l**2 - 18. What is i(7)?
31
Let r(c) = 8*c**3 + 2*c + 1. Calculate r(-1).
-9
Let x(m) = -m**3 + 10*m**2 - 11*m + 1. Calculate x(9).
-17
Let o(v) = 2*v - 42. Give o(21).
0
Let m(c) = c**2 - 3*c - 16. Give m(7).
12
Let y(v) = 14*v**2 - 2*v + 2. What is y(1)?
14
Let b(l) = l**3 - 4*l**2 - 6*l + 7. Determine b(5).
2
Let m(s) = s**3 - 9*s**2 - 7*s - 19. Give m(10).
11
Let r(h) = -15*h. Give r(1).
-15
Let k(h) = -40*h + 237. Calculate k(6).
-3
Let p(c) = 4*c + 25. Give p(-10).
-15
Let f(g) = -g**3 - 11*g**2 - 9*g - 7. What is f(-11)?
92
Let q(m) = -28*m - 3. What is q(1)?
-31
Let p(l) = l**2 + 4*l - 10. Give p(-6).
2
Let g(w) = w**2 - 2*w - 3. Determine g(3).
0
Let u(h) = -h**2 - h + 5. Calculate u(5).
-25
Let f(c) = c**3 + 14*c**2 - 17*c + 5. Determine f(-15).
35
Let i(d) = -3*d + 32. Calculate i(12).
-4
Let s(b) = -b**2 + 9*b - 1. Determine s(7).
13
Let n(l) = l**2 - 17*l - 64. Calculate n(20).
-4
Let l(i) = i**2 + 6*i - 91. Determine l(6).
-19
Let o(k) = 2*k + 2. Calculate o(-9).
-16
Let k(r) = -6*r - 16. Determine k(-10).
44
Let b(l) = -l**2 - 15*l + 11. Calculate b(-15).
11
Let b(j) = -j**2 + 14*j + 17. Give b(13).
30
Let n(h) = -h**2 + 7*h + 10. What is n(8)?
2
Let z(b) = b - 74. Determine z(26).
-48
Let q(g) = -g**2 - 123. What is q(0)?
-123
Let s(k) = -k**3 - 14*k**2 - 12*k + 7. Determine s(-13).
-6
Let s(p) = -p**3 - p**2 + 6*p + 5. Calculate s(-3).
5
Let l(s) = s**2 - 11*s - 2. What is l(8)?
-26
Let k(p) = -2*p + 78. Give k(33).
12
Let f(q) = q**2 + 6*q + 39. Determine f(-10).
79
Let o(s) = 8*s**2 - 2*s + 1. Determine o(-2).
37
Let s(a) = -a**2 + 6*a + 13. Give s(-4).
-27
Let i(j) = 3*j - 44. Calculate i(17).
7
Let x(j) = j**2 - 2*j + 9. Calculate x(4).
17
Let p(i) = -3*i**2 + 5*i - 3. Give p(3).
-15
Let f(m) = m**3 + 19*m**2 + 33*m - 21. Determine f(-17).
-4
Let k(h) = -h**3 - 6*h**2 + 5*h + 26. Give k(-6).
-4
Let i(w) = -48*w - 4. Give i(3).
-148
Let l(k) = k**3 + 11*k**2 + 20*k + 10. Calculate l(-9).
-8
Let h(m) = -3*m - 117. Calculate h(-29).
-30
Let g(t) = 9*t + 245. What is g(-27)?
2
Let u(m) = m**3 + 20*m**2 - 54*m - 215. Calculate u(-22).
5
Let d(b) = 7*b - 5. Determine d(-5).
-40
Let j(x) = -6*x - 38. What is j(-6)?
-2
Let u(o) = 40*o - 26. Give u(1).
14
Let y(p) = p**2 + 29*p + 5. Give y(-27).
-49
Let k(t) = -28*t + 1. Give k(1).
-27
Let k(t) = 7*t + 109. What is k(-11)?
32
Let v(p) = p**2 - 15*p + 30. Determine v(6).
-24
Let f(w) = -2*w**2 + 8*w + 12. What is f(5)?
2
Let k(t) = t + 19. Calculate k(-9).
10
Let k(d) = -d**3 - 9*d**2 - 10*d + 6. Give k(-6).
-42
Let i(y) = -19*y**3 - y**2 - y - 1. Calculate i(-1).
18
Let c(u) = -u**2 + 6*u + 13. What is c(9)?
-14
Let i(f) = 104*f**3 + f**2 + 3*f + 2. What is i(-1)?
-104
Let b(x) = x**2 + 12*x + 3. Calculate b(-11).
-8
Let h(z) = -6*z - 1. Calculate h(2).
-13
Let o(b) = -b**2 + 19*b - 55. Determine o(3).
-7
Let h(r) = r**3 - r**2 - 9*r + 3. Determine h(-3).
-6
Let m(n) = 8*n + 7. Determine m(-1).
-1
Let t(c) = -c**2 + 17*c - 11. Give t(13).
41
Let m(b) = -10*b**3 + 3*b - 2. Determine m(1).
-9
Let i(a) = -a**3 - 2*a**2 + 2*a - 7. Determine i(-4).
17
Let p(m) = 3*m**2 - 14*m - 6. Give p(5).
-1
Let z(b) = 18*b - 277. Give z(15).
-7
Let u(i) = -i**3 + 8*i**2 - 16*i + 30. What is u(6)?
6
Let o(n) = 13*n - 4. Determine o(3).
35
Let z(i) = -2*i**2 - 12*i - 11. Calculate z(-5).
-1
Let l(y) = -9*y + 12. What is l(5)?
-33
Let n(t) = t**3 - 14*t**2 + 13*t + 3. What is n(13)?
3
Let u(o) = -o**3 - 11*o**2 - 24*o + 29. What is u(-6)?
-7
Let q(t) = -2*t**3 + 18*t**2 - 3*t + 7. Determine q(9).
-20
Let v(h) = -h + 7. Give v(-7).
14
Let k(l) = l - 3. Determine k(-13).
-16
Let p(c) = c**2 + 2*c + 6. What is p(-2)?
6
Let l(i) = i**3 - 7*i + 11. What is l(5)?
101
Let o(a) = a**3 + a - 6. Give o(2).
4
Let f(x) = 52*x + 377. Calculate f(-7).
13
Let w(o) = -2*o**2 + 8*o - 8. Give w(6).
-32
Let b(f) = -8*f**2 + 2. Calculate b(2).
-30
Let k(i) = 5*i - 21. Give k(2).
-11
Let u(o) = 14*o + 10. Calculate u(-2).
-18
Let j(p) = -4*p**2 - 10*p - 7. Calculate j(4).
-111
Let r(l) = l**2 + 27*l + 20. What is r(-26)?
-6
Let n(d) = -2*d**2 + 31*d - 11. Determine n(15).
4
Let p(b) = -b**3 + b**2 - 12. Give p(0).
-12
Let s(y) = y - 23. Calculate s(15).
-8
Let y(i) = 6*i - 19. What is y(8)?
29
Let q(r) = -r**2 - 18*r - 44. Determine q(-7).
33
Let h(o) = -5*o - 64. Calculate h(-10).
-14
Let i(b) = 5*b**2 + 6*b - 24. What is i(5)?
131
Let a(t) = -3*t + 1. Determine a(6).
-17
Let w(a) = 2*a - 18. What is w(13)?
8
Let s(r) = -24*r**2 + 4*r + 1. Give s(2).
-87
Let t(h) = -2*h**2 + 11*h - 5. Determine t(5).
0
Let u(k) = -k**2 - 50*k. Calculate u(-50).
0
Let r(t) = t. What is r(-4)?
-4
Let i(n) = -54*n - 12. Determine i(-1).
42
Let x(v) = -v**3 - 7*v**2 + 4*v - 1. Calculate x(-8).
31
Let g(x) = 3*x**3 - x**2 + 2*x - 1. Give g(2).
23
Let f(z) = -2*z**2 + 2*z - 2. Determine f(-1).
-6
Let g(x) = x**3 - 8*x**2 - x + 1. Calculate g(7).
-55
Let x(d) = -2*d**3 + 7*d**2 + 11*d - 10. Determine x(4).
18
Let j(r) = -r**3 - 19*r**2 - 34*r - 8. Calculate j(-17).
-8
Let z(c) = -c**2 + 23*c - 74. Calculate z(19).
2
Let l(s) = s**2 - 12*s + 38. Give l(5).
3
Let q(g) = -g**2 + 23*g + 100. Give q(-4).
-8
Let b(j) = -j**2 - 6*j - 2. Give b(-6).
-2
Let b(a) = -a - 1. Determine b(-5).
4
Let g(n) = -19*n**3 - 3*n - 2. What is g(-1)?
20
Let l(z) = -6*z + 24. Determine l(6).
-12
Let y(o) = -14*o - 197. Calculate y(-14).
-1
Let b(q) = -q**2 - 15*q - 14. What is b(-7)?
42
Let u(q) = -2*q - 3. Calculate u(5).
-13
Let m(l) = -l**2 - 27*l + 23. Calculate m(-26).
49
Let k(b) = -209*b - 830. Give k(-4).
6
Let x(v) = v**3 + v**2 - 7. Calculate x(0).
-7
Let k(c) = c**2 + 7*c + 3. Give k(-3).
-9
Let m(a) = -2*a - 3. Give m(2).
-7
Let p(q) = -q**3 - 13*q**2 - 13*q - 13. Determine p(-12).
-1
Let d(w) = 3*w + 4. Calculate d(-2).
-2
Let x(g) = -8*g - 3. Calculate x(0).
-3
Let r(b) = -9*b + 200. Determine r(23).
-7
Let b(y) = -y**2 - 6*y + 9. Calculate b(-7).
2
Let x(i) = -2*i**2 + 35*i + 23. What is x(18)?
5
Let t(k) = k**2 - k + 1. Calculate t(-1).
3
Let q(x) = -x**2 - 14*x - 17. Determine q(-13).
-4
Let a(m) = -m**2 + 6*m + 8. Calculate a(-2).
-8
Let x(p) = 10*p + 59. Give x(-6).
-1
Let g(z) = 3*z + 43. Calculate g(30).
133
Let i(n) = 5*n**2 - 20*n + 9. Determine i(4).
9
Let u(b) = -8*b - 13. Give u(0).
-13
Let i(m) = 5*m**2 - 5*m. Determine i(5).
100
Let g(a) = -a**3 - a + 19. Calculate g(0).
19
Let d(w) = w**3 + 2*w**2 - 3. Determine d(-2).
-3
Let v(p) = 5*p**2 + 12*p + 11. Give v(-1).
4
Let j(i) = -i**3 + 2*i**2 + i. What is j(3)?
-6
Let s(w) = -w**3 + 6*w**2 + w - 7. Give s(6).
-1
Let q(h) = h**2 + 7*h - 34. Give q(-10).
-4
Let m(w) = -w + 4. Give m(0).
4
Let u(i) = -8*i + 121. Determine u(22).
-55
Let x(w) = -5*w**3 - 6*w**2 - 5*w + 3. Calculate x(-2).
29
Let f(x) = 5*x - 47. Determine f(12).
13
Let f(l) = -l**2 - 8*l + 4. Determine f(-4).
20
Let d(h) = -3*h**3 + 52*h**2 - 17*h - 3. What is d(17)?
-3
Let z(t) = t - 5. Determine z(6).
1
Let s(k) = -k**2 + 6*k + 147. Give s(-9).
12
Let t(o) = 6*o + 32. What is t(-4)?
8
Let q(r) = -11*r - 11. Give q(-3).
22
Let l(u) = u**3 + 21*u**2 + 44*u - 26. Calculate l(-19).
-140
Let l(v) = -2*v - 4. What is l(-4)?
4
Let n(w) = -w - 14. What is n(-7)?
-7
Let z(v) = -v**3 + 3*v + 1. Determine z(3).
-17
Let b(x) = -x**2 - 14*x - 47. What is b(-6)?
1
Let j(h) = 2*h + 2. Give j(-2).
-2
Let n(a) = 20*a + 87. Calculate n(-4).
7
Let l(o) = -o**3 - 2*o**2 + 2*o + 6. Calculate l(-3).
9
Let g(o) = -o**3 - 7*o**2 - 8*o - 11. Give g(-7).
45
Let c(m) = -m - 39. Determine c(-22).
-17
Let d(x) = 2*x - 13. Calculate d(-13).
-39
Let s(g) = -2*g**3 + 58*g**2 - 239*g - 18. What is s(24)?
6
Let d(g) = g**2 - 4*g - 14. What is d(8)?
18
Let v(r) = 7*r**2 + 4*r + 8. Determine v(-3).
59
Let r(s